(a) = -4*a**2 + 22*a - 12. Give w(5).
-2
Let g(y) = 2*y**3 - 35*y**2 - 15*y - 67. What is g(18)?
-13
Let b(k) = -14*k + 1979. Calculate b(144).
-37
Let l(d) = -3*d**2 - 22*d + 79. Determine l(9).
-362
Let f(o) = -3*o**3 + o**2 + 12*o - 16. What is f(-4)?
144
Let s(l) = l**3 - 21*l**2 - 6*l + 64. Give s(21).
-62
Let k(a) = -a**2 - 346*a - 6831. Determine k(-21).
-6
Let j(p) = -173*p - 929. Give j(-5).
-64
Let k(q) = -26*q**2 + 291*q - 59. Give k(11).
-4
Let i(m) = -4399*m + 17593. Calculate i(4).
-3
Let j(f) = -f**3 + 2*f**2 - 32*f + 242. Determine j(5).
7
Let q(u) = -10*u - 435. What is q(-43)?
-5
Let r(f) = -6651*f + 6627. Calculate r(1).
-24
Let y(k) = 73*k + 459. Give y(-7).
-52
Let b(j) = 4*j**2 - 281*j + 4793. Give b(41).
-4
Let d(z) = -15*z + 845. Give d(58).
-25
Let l(n) = n**3 - 17*n**2 - 14*n - 81. What is l(18)?
-9
Let c(r) = r**3 - 38*r**2 + 94*r - 794. Calculate c(36).
-2
Let d(r) = r**3 - 146*r**2 + 3887*r - 65. What is d(35)?
5
Let m(f) = 5*f**3 - 7*f**2 + 23*f - 4. Give m(2).
54
Let i(a) = -3*a**3 + 96*a**2 + 99*a - 9. Give i(33).
-9
Let w(b) = -317*b**2 + b - 3. What is w(-1)?
-321
Let s(l) = 11270*l + 11265. Determine s(-1).
-5
Let x(s) = -s**3 + 2*s**2 - 675*s + 2738. What is x(4)?
6
Let l(m) = 5*m**3 + 4*m**2 + 12*m + 7. What is l(-2)?
-41
Let v(p) = p**3 - 9*p**2 + 21*p - 9. Determine v(3).
0
Let k(b) = -2*b**2 - 28*b + 10. Calculate k(-16).
-54
Let y(j) = 14*j - 294. Give y(14).
-98
Let f(c) = -579*c + 573. Give f(1).
-6
Let r(k) = 323*k + 23877. What is r(-74)?
-25
Let x(u) = 10*u**2 - 502*u + 107. What is x(50)?
7
Let s(a) = -a**2 + 29*a - 60. Calculate s(21).
108
Let a(m) = 2*m**3 - m**2 + 22*m + 88. Calculate a(-5).
-297
Let l(t) = -982*t - 3001. Determine l(-3).
-55
Let g(r) = r**3 + 23*r**2 + 24*r - 468. Calculate g(-22).
-512
Let z(m) = m**3 + 14*m**2 - 15*m - 21. Give z(-14).
189
Let c(f) = f**2 + 36*f - 175. Calculate c(-40).
-15
Let f(r) = 264*r + 1577. What is f(-6)?
-7
Let z(f) = -12*f - 510. What is z(-55)?
150
Let h(d) = -453*d - 3181. Calculate h(-7).
-10
Let z(a) = -28*a**2 + 645*a - 11. Determine z(23).
12
Let g(l) = l**3 - 5*l**2 - 9*l - 20. Give g(6).
-38
Let j(r) = r**3 + 11*r**2 + 2*r + 137. Calculate j(-11).
115
Let y(i) = -5*i**2 + 202*i + 4002. Determine y(55).
-13
Let a(r) = r**3 + 6*r**2 + r + 14. What is a(-6)?
8
Let d(u) = u**3 - 4*u**2 - 9*u + 21. Calculate d(4).
-15
Let r(g) = -g**2 - 9*g + 70. Give r(-11).
48
Let w(i) = -i**3 + 19*i**2 + 30*i - 19. Give w(19).
551
Let s(p) = 33*p + 646. Calculate s(-20).
-14
Let r(s) = 25*s + 9. Give r(-14).
-341
Let q(x) = x**3 + 17*x**2 - 48*x + 20. What is q(-20)?
-220
Let p(c) = c**2 + 41*c - 208. Give p(-46).
22
Let z(a) = 2*a**2 - 18*a + 69. What is z(10)?
89
Let g(b) = -52*b**2 + 314*b - 16. What is g(6)?
-4
Let o(c) = -11*c**2 + 72*c + 132. Calculate o(-2).
-56
Let g(v) = -12034*v + 48134. Calculate g(4).
-2
Let g(k) = 18*k**2 - 177*k - 33. Give g(10).
-3
Let p(h) = -106*h + 904. Determine p(9).
-50
Let p(b) = 3*b**2 - 34*b - 71. Calculate p(16).
153
Let q(f) = f**3 - 5*f**2 + 64*f - 359. Determine q(5).
-39
Let b(a) = -7*a**3 + 386*a**2 - 56*a + 74. Calculate b(55).
19
Let p(t) = -t**2 + 221*t + 4550. Determine p(240).
-10
Let s(o) = -44*o + 322. Give s(6).
58
Let d(t) = -t**3 - 60*t**2 + 71*t + 606. Determine d(-61).
-4
Let z(f) = -15*f**3 - 11*f**2 + 50*f + 60. Calculate z(-1).
14
Let d(j) = -j**2 + 46*j - 1293. What is d(0)?
-1293
Let s(q) = 2*q**3 + 19*q**2 + 3*q + 5. What is s(-6)?
239
Let q(j) = -109*j**3 - j**2 + 9*j - 7. Determine q(1).
-108
Let t(i) = 81*i + 475. Give t(-4).
151
Let q(n) = -102*n**2 - 2044*n - 77. Give q(-20).
3
Let u(t) = 3*t**2 + 3*t - 751. Give u(17).
167
Let d(c) = 29*c + 5540. Determine d(-191).
1
Let r(h) = 290*h + 2327. What is r(-8)?
7
Let g(l) = -l**3 - 93*l**2 - 1169*l - 16. Calculate g(-15).
-31
Let n(t) = 2*t**3 + 236*t**2 + t + 112. Calculate n(-118).
-6
Let r(o) = -23*o**3 + 7*o**2 - 3*o + 13. What is r(2)?
-149
Let d(y) = -2*y**2 + 139*y + 192. What is d(71)?
-21
Let z(u) = -u**3 + 15*u**2 - 50*u - 4. Calculate z(10).
-4
Let z(u) = -u**2 + 210*u - 2008. Calculate z(10).
-8
Let x(f) = -f**2 + 843*f - 13333. Give x(16).
-101
Let l(h) = -h**3 + 3*h**2 + h + 46. Give l(6).
-56
Let r(i) = 20*i**2 + 104*i + 28. What is r(-5)?
8
Let z(w) = -2*w**3 - 27*w**2 + 30*w + 572. What is z(-13)?
13
Let u(g) = 42*g**2 + 167*g - 5. What is u(-4)?
-1
Let v(d) = 1297*d - 11646. Calculate v(9).
27
Let h(d) = -3*d**2 - 57*d - 207. Give h(-5).
3
Let h(m) = 21*m + 420. Determine h(-22).
-42
Let u(r) = -2*r**2 - 116*r - 1189. Determine u(-11).
-155
Let g(k) = 73*k**2 - 3*k - 13. Determine g(2).
273
Let k(t) = -10*t + 307. What is k(30)?
7
Let x(y) = 80*y - 975. Calculate x(12).
-15
Let w(h) = -2*h**2 - 76*h - 58. What is w(-40)?
-218
Let s(a) = -a**3 + 2*a**2 + 28*a + 90. What is s(-4)?
74
Let m(t) = -299*t + 9. What is m(1)?
-290
Let i(t) = 1669*t - 1668. Give i(1).
1
Let n(g) = g**2 - 43*g + 87. Calculate n(18).
-363
Let b(p) = -2*p**3 - 90*p**2 + 81*p - 607. Calculate b(-46).
-101
Let u(w) = -43*w + 9. Determine u(3).
-120
Let b(f) = -974*f - 9737. Calculate b(-10).
3
Let v(k) = 8*k**3 + 55*k**2 - 3*k + 26. Give v(-7).
-2
Let r(b) = -3*b**3 + 164*b**2 + 229*b - 162. Determine r(56).
118
Let p(z) = -2*z**2 + 54*z - 323. Determine p(8).
-19
Let u(p) = -6*p**2 - 198*p - 692. What is u(-4)?
4
Let j(f) = 6*f + 108. Calculate j(-28).
-60
Let w(x) = -7*x**2 + 413*x - 393. Calculate w(58).
13
Let c(p) = p**2 + 16*p + 107. What is c(-21)?
212
Let w(n) = n**3 - 14*n**2 + 53*n - 992. Calculate w(15).
28
Let d(q) = 11*q**2 + q - 5. Calculate d(0).
-5
Let j(n) = 1064*n - 1034. Give j(1).
30
Let t(g) = -4*g**2 - 123*g - 687. Determine t(-23).
26
Let i(f) = 103*f - 708. Give i(7).
13
Let u(t) = t**3 - 4*t**2 - 25*t + 83. What is u(-7)?
-281
Let c(b) = -b**3 + 33*b**2 + 74*b + 1. Give c(35).
141
Let u(a) = 46*a + 184. Determine u(-4).
0
Let f(t) = 273*t + 387. What is f(-2)?
-159
Let d(o) = -9*o**2 - 140*o - 209. Calculate d(-14).
-13
Let y(m) = -33*m**3 - 3*m**2 - 9*m - 1. Give y(-2).
269
Let m(x) = 2*x**3 - 19*x**2 - 3*x - 323. Determine m(11).
7
Let b(m) = -16*m + 840. Give b(35).
280
Let x(k) = -32*k + 1047. Calculate x(33).
-9
Let c(p) = -p**2 + 689*p - 14021. Give c(21).
7
Let z(o) = 223*o - 229. Determine z(2).
217
Let c(n) = -3*n**3 - 139*n**2 - 318*n - 42. Determine c(-44).
398
Let f(j) = -j**2 + 138*j + 410. Calculate f(-3).
-13
Let j(m) = 2779*m + 11110. Determine j(-4).
-6
Let c(z) = z**3 + 5*z**2 - 43*z - 11. Determine c(5).
24
Let z(u) = 1268*u - 9. Calculate z(0).
-9
Let w(x) = 3*x**2 + 18*x + 109. Determine w(-7).
130
Let g(i) = 51*i + 495. Calculate g(-38).
-1443
Let x(y) = -y**3 + 34*y**2 + 25*y + 77. Calculate x(35).
-273
Let b(m) = 162*m - 209. What is b(4)?
439
Let w(x) = -9*x**2 + 248*x + 127. What is w(28)?
15
Let c(m) = 202*m - 16571. Calculate c(82).
-7
Let z(o) = 9*o**2 + 48*o + 403. What is z(-8)?
595
Let v(g) = 6170*g - 6172. What is v(1)?
-2
Let p(i) = -i**3 + 56*i**2 - 147*i - 420. Give p(53).
216
Let z(y) = -95*y - 539. What is z(-6)?
31
Let m(t) = 142*t**2 + 1000*t - 14. Determine m(-7).
-56
Let i(n) = -363*n + 1174. Calculate i(4).
-278
Let i(w) = 412*w - 9517. What is i(23)?
-41
Let s(w) = 37*w + 813. Give s(-36).
-519
Let z(l) = -l**3 - 53*l**2 - 134*l + 797. Give z(-50).
-3
Let w(l) = l**3 + 25*l**2 - 21*l + 118. Give w(-26).
-12
Let v(c) = -2*c**2 + 92*c - 74. Determine v(45).
16
Let m(f) = f**2 - 565*f - 5738. Give m(-10).
12
Let v(u) = u**2 + 89*u + 1504. Calculate v(-23).
-14
Let r(n) = n**3 + 90*n**2 - 46*n + 12694. Give r(-92).
-2
Let m(i) = -i**2 + 58*i - 111. What is m(56)?
1
Let x(r) = -r**3 + 8*r**2 + 189*r - 1364. Give x(7).
8
Let n(d) = 7*d**2 - d + 3. Calculate n(-3).
69
Let s(j) = -24*j**2 + 19*j - 6. Determine s(1).
-11
Let z(n) = -n**2 + 40*n - 127. What is z(36)?
17
Let k(z) = -z**3 + z**2 - 116*z - 231. Calculate k(-2).
13
Let f(b) = -b**3 + 8*b**2 + 211*b - 1539. Determine f(7).
-13
Let m(y) = 444*y + 4445. Calculate m(-10).
5
Let h(o) = 702*o - 23143. Calculate h(33).
23
Let g(j) = -j**2 - 43*j - 155. What is g(-30)?
235
Let u(p) = -66*p + 357. Calculate u(5).
27
Let i(y) = -y**3 - 28*y**2 + 26*y - 51. Give i(-29).
36
Let w(n) = n**3 - 27*n**2 + 4*n + 258. Calculate w(26).
-314
Let l(s) 